?
False
Is 97839718 composite?
True
Is 106910809 a prime number?
False
Is 125469893 a composite number?
False
Is 5913709 a prime number?
False
Is 3618047 a prime number?
True
Is 44991307 prime?
False
Is 9316841 a prime number?
False
Is 86496895 a composite number?
True
Is 148314989 composite?
False
Is 14983603 composite?
True
Is 5504393 composite?
True
Is 4016629 prime?
False
Is 36411757 composite?
True
Is 3841361 composite?
False
Is 4509457 prime?
True
Is 158149 composite?
True
Is 19899181 prime?
False
Is 21005939 a composite number?
True
Is 140413741 a prime number?
False
Is 8727809 a prime number?
True
Is 2728871 composite?
True
Is 5341733 composite?
True
Is 6350447 a composite number?
True
Is 196799 prime?
True
Is 1249477 composite?
False
Is 9329207 composite?
False
Is 143124991 prime?
False
Is 263964301 a prime number?
True
Is 11445047 prime?
False
Is 9207565 a prime number?
False
Is 424079 prime?
True
Is 29779609 composite?
False
Is 3291529 a prime number?
False
Is 5468695 a prime number?
False
Is 717121 a prime number?
False
Is 5107303 composite?
False
Is 22389415 composite?
True
Is 14012417 prime?
True
Is 4627361 a prime number?
True
Is 79836191 composite?
True
Is 3687911 composite?
False
Is 16645547 prime?
False
Is 11477383 composite?
False
Is 91135201 composite?
False
Is 97261367 a composite number?
True
Is 76293991 a composite number?
False
Is 290567847 a composite number?
True
Is 307550693 a composite number?
True
Is 24716057 a composite number?
False
Is 1785169 a composite number?
True
Is 72810861 a composite number?
True
Is 6865039 a composite number?
False
Is 3977527 prime?
True
Is 99448841 a composite number?
False
Is 515191 composite?
False
Is 110018933 composite?
False
Is 77634197 a prime number?
False
Is 1154213 composite?
True
Is 43059437 a prime number?
True
Is 777739 a composite number?
True
Is 11086597 composite?
False
Is 16562597 prime?
True
Is 220261 a composite number?
True
Is 2396861 a prime number?
True
Is 2266361 a prime number?
False
Is 132867457 composite?
True
Is 2133949 composite?
False
Is 12949627 a prime number?
True
Is 8477233 a composite number?
True
Is 147228871 a prime number?
True
Is 1856467 prime?
False
Is 99418243 a prime number?
True
Is 499632365 a prime number?
False
Is 6924971 prime?
False
Is 838694653 prime?
False
Is 1446941 a prime number?
True
Is 11591803 a composite number?
False
Is 3110101 a prime number?
True
Is 338659645 a composite number?
True
Is 110876471 a prime number?
True
Is 27195923 composite?
False
Is 425248513 a prime number?
True
Is 43288541 a composite number?
False
Is 3173297 a composite number?
True
Is 22117783 composite?
False
Is 10111187 a prime number?
True
Is 240559217 a composite number?
False
Is 202108507 a composite number?
True
Is 212968933 composite?
True
Is 38610823 composite?
True
Is 47481271 prime?
True
Is 20683651 a composite number?
True
Is 19260806 composite?
True
Is 48031405 a prime number?
False
Is 5748187 prime?
True
Is 748091 prime?
True
Is 10498889 a prime number?
True
Is 3684063 composite?
True
Is 2945823 a prime number?
False
Is 784639 prime?
False
Is 110336053 composite?
False
Is 2137103 a prime number?
False
Is 960535603 a prime number?
True
Is 48593359 a composite number?
False
Is 303708679 a prime number?
True
Is 126328117 a prime number?
True
Is 38058437 composite?
False
Is 20415919 composite?
False
Is 255688349 prime?
False
Is 3475543 composite?
False
Is 4908979 composite?
False
Is 201473 a prime number?
True
Is 882390701 a composite number?
False
Is 4098239 a composite number?
True
Is 44419709 a composite number?
False
Is 320297407 a prime number?
True
Is 12969779 prime?
False
Is 814336121 a prime number?
True
Is 7461469 a prime number?
True
Is 131127377 prime?
False
Is 445812373 prime?
True
Is 2961643 prime?
False
Is 196282378 composite?
True
Is 72206777 a composite number?
False
Is 343558193 prime?
False
Is 336499549 a prime number?
True
Is 8357599 a prime number?
True
Is 3690789 a prime number?
False
Is 383297543 composite?
True
Is 343081 composite?
False
Is 123788597 composite?
True
Is 32648807 composite?
False
Is 9988619 composite?
True
Is 53639935 prime?
False
Is 41949121 a composite number?
True
Is 89878421 a composite number?
False
Is 25627163 prime?
False
Is 52734739 a composite number?
True
Is 382037 prime?
True
Is 510206559 a composite number?
True
Is 224944295 composite?
True
Is 43058749 prime?
False
Is 25821401 composite?
True
Is 36169477 composite?
True
Is 1331797 a composite number?
True
Is 250325449 a composite number?
True
Is 11717977 prime?
True
Is 528871 prime?
False
Is 6296097 a prime number?
False
Is 249703 prime?
True
Is 757649 prime?
False
Is 483061 prime?
True
Is 27359197 prime?
True
Is 25231369 a composite number?
True
Is 62638 composite?
True
Is 635450503 composite?
False
Is 1380581 a prime number?
False
Is 107918219 a composite number?
False
Is 14777023 prime?
False
Is 1566601 prime?
False
Is 3283483 prime?
False
Is 156886039 a prime number?
False
Is 109518203 a prime number?
False
Is 22409819 a prime number?
False
Is 2668993 prime?
True
Is 252806231 a composite number?
False
Is 1086497741 composite?
True
Is 2045561 a composite number?
True
Is 1320533 a composite number?
False
Is 6365651 composite?
False
Is 275437 prime?
False
Is 97017913 prime?
True
Is 171671341 a prime number?
False
Is 3694217321 composite?
False
Is 7536563 a composite number?
True
Is 9317333 composite?
False
Is 120091843 prime?
True
Is 585461 a prime number?
True
Is 4726123 composite?
False
Is 171619963 composite?
False
Is 1787351 a prime number?
True
Is 41823707 prime?
True
Is 263853427 prime?
True
Is 8222065 a prime number?
False
Is 44031703 a composite number?
False
Is 1920701 composite?
False
Is 244997 a prime number?
True
Is 4114007 a prime number?
False
Is 1290749 composite?
True
Is 18872783 prime?
False
Is 8792907 a prime number?
False
Is 36727037 a prime number?
True
Is 104723981 prime?
True
Is 62680621 composite?
True
Is 25282927 composite?
True
Is 5508897 a prime number?
False
Is 690719 a composite number?
False
Is 848983 a prime number?
True
Is 2186979 a composite number?
True
Is 38696377 a prime number?
True
Is 15132493 composite?
True
Is 7683593 composite?
False
Is 2265817 prime?
False
Is 3994369 composite?
False
Is 301856167 composite?
True
Is 4157269 prime?
True
Is 9831707 composite?
False
Is 36514351 a prime number?
False
Is 542949439 a composite number?
False
Is 1320511 a composite number?
True
Is 175059701 a composite number?
True
Is 81457 prime?
True
Is 111200599 prime?
True
Is 36963647 composite?
True
Is 45305621 composite?
False
Is 688949 composite?
True
Is 180094802 composite?
True
Is 117770347 prime?
True
Is 329430313 a prime number?
True
Is 19727231 a prime number?
True
Is 2810191 a prime number?
True
Is 132910597 composite?
True
Is 5961751 a prime number?
True
Is 1922209 composite?
False
Is 82153787 composite?
True
Is 8300549 prime?
False
Is 786649249 a composite number?
True
Is 793703 a composite number?
True
Is 658481 a prime number?
False
Is 9581245 prime?
False
Is 83033231 prime?
True
Is 2406343 prime?
True
Is 74135 prime?
False
Is 624763 a prime number?
True
Is 8650097 a composite number?
True
Is 30302141 a composite number?
True
Is 172367287 a prime number?
True
Is 2537527 prime?
True
Is 50134237 a composite number?
True
Is 4733227 a composite number?
True
Is 37780553 a composite number?
False
Is 429971 prime?
True
Is 3540661 a prime number?
True
Is 509370227 a composite number?
True
Is 14307877 prime?
False
Is 7904639 a prime number?
True
Is 44641141 prime?
True
Is 17096847 a prime number?
False
Is 306761791 a prime number?
False
Is 8786653 a composite number?
True
Is 21984151 prime?
False
Is 239189737 a composite number?
False
Is 622477 a composite number?
False
Is 11049721 a composite number?
True
Is 2051219 a composite number?
False
Is 102434923 composite?
False
Is 3151 composite?
True
Is 10960897 composite?
True
Is 325204949 a composite number?
False
Is 2177687 composite?
False
Is 532829747 a composite number?
True
Is 99237827 composite?
True
Is 8158349 a prime number?
False
Is 9111449 a prime number?
True
Is 8175457 a composite number?
False
Is 96336049 composite?
True
Is 410510473 a composite number?
False
Is 15